 of 863?
8
What is the tens digit of 18150?
5
What is the thousands digit of 30484?
0
What is the tens digit of 4460?
6
What is the tens digit of 1329?
2
What is the hundreds digit of 317?
3
What is the hundreds digit of 943?
9
What is the thousands digit of 8967?
8
What is the units digit of 145052?
2
What is the tens digit of 5996?
9
What is the units digit of 679?
9
What is the units digit of 8183?
3
What is the hundreds digit of 17480?
4
What is the units digit of 5451?
1
What is the units digit of 4285?
5
What is the ten thousands digit of 30939?
3
What is the tens digit of 49895?
9
What is the units digit of 947?
7
What is the tens digit of 62652?
5
What is the thousands digit of 6973?
6
What is the thousands digit of 23971?
3
What is the hundreds digit of 3315?
3
What is the hundreds digit of 398?
3
What is the hundreds digit of 15516?
5
What is the tens digit of 77099?
9
What is the units digit of 756?
6
What is the hundreds digit of 2747?
7
What is the hundreds digit of 31958?
9
What is the thousands digit of 10734?
0
What is the ten thousands digit of 10991?
1
What is the tens digit of 14052?
5
What is the ten thousands digit of 21380?
2
What is the tens digit of 1752?
5
What is the hundreds digit of 12035?
0
What is the hundreds digit of 72359?
3
What is the ten thousands digit of 43256?
4
What is the ten thousands digit of 18365?
1
What is the tens digit of 164002?
0
What is the hundreds digit of 1551?
5
What is the hundreds digit of 10835?
8
What is the ten thousands digit of 68058?
6
What is the units digit of 1682?
2
What is the tens digit of 25315?
1
What is the hundreds digit of 12424?
4
What is the tens digit of 8038?
3
What is the hundreds digit of 1560?
5
What is the tens digit of 478?
7
What is the units digit of 23510?
0
What is the hundreds digit of 474?
4
What is the tens digit of 2843?
4
What is the thousands digit of 14185?
4
What is the tens digit of 524?
2
What is the tens digit of 15?
1
What is the tens digit of 15906?
0
What is the units digit of 316?
6
What is the hundreds digit of 36177?
1
What is the units digit of 1555?
5
What is the units digit of 37186?
6
What is the hundreds digit of 3404?
4
What is the ten thousands digit of 17004?
1
What is the hundreds digit of 1851?
8
What is the hundreds digit of 10451?
4
What is the tens digit of 71769?
6
What is the tens digit of 1418?
1
What is the units digit of 3855?
5
What is the ten thousands digit of 12857?
1
What is the hundreds digit of 112565?
5
What is the hundreds digit of 3044?
0
What is the units digit of 7855?
5
What is the ten thousands digit of 35785?
3
What is the tens digit of 1486?
8
What is the units digit of 980?
0
What is the ten thousands digit of 111860?
1
What is the units digit of 3843?
3
What is the thousands digit of 5769?
5
What is the units digit of 141?
1
What is the tens digit of 40971?
7
What is the hundreds digit of 1913?
9
What is the thousands digit of 1732?
1
What is the tens digit of 119?
1
What is the thousands digit of 33151?
3
What is the units digit of 12671?
1
What is the hundreds digit of 3307?
3
What is the ten thousands digit of 16037?
1
What is the tens digit of 37706?
0
What is the thousands digit of 9133?
9
What is the hundreds digit of 371?
3
What is the units digit of 73243?
3
What is the tens digit of 976?
7
What is the tens digit of 20181?
8
What is the thousands digit of 1144?
1
What is the hundreds digit of 745?
7
What is the hundreds digit of 279?
2
What is the tens digit of 418?
1
What is the thousands digit of 51961?
1
What is the units digit of 13182?
2
What is the tens digit of 628?
2
What is the units digit of 27544?
4
What is the ten thousands digit of 22436?
2
What is the hundreds digit of 886?
8
What is the hundreds digit of 4055?
0
What is the tens digit of 22098?
9
What is the hundreds digit of 576?
5
What is the hundreds digit of 1623?
6
What is the hundreds digit of 20490?
4
What is the hundreds digit of 8262?
2
What is the tens digit of 655?
5
What is the hundreds digit of 42594?
5
What is the thousands digit of 44152?
4
What is the units digit of 4446?
6
What is the ten thousands digit of 76061?
7
What is the units digit of 28990?
0
What is the hundreds digit of 10667?
6
What is the thousands digit of 6293?
6
What is the tens digit of 27267?
6
What is the tens digit of 3047?
4
What is the units digit of 111?
1
What is the ten thousands digit of 17116?
1
What is the tens digit of 14020?
2
What is the tens digit of 7681?
8
What is the tens digit of 358?
5
What is the hundreds digit of 655?
6
What is the units digit of 984?
4
What is the ten thousands digit of 27424?
2
What is the tens digit of 20191?
9
What is the thousands digit of 2869?
2
What is the hundreds digit of 19997?
9
What is the thousands digit of 7112?
7
What is the tens digit of 1929?
2
What is the thousands digit of 17267?
7
What is the units digit of 2246?
6
What is the thousands digit of 1025?
1
What is the hundreds digit of 3405?
4
What is the thousands digit of 7565?
7
What is the hundreds digit of 8800?
8
What is the tens digit of 321?
2
What is the hundreds digit of 828?
8
What is the thousands digit of 7730?
7
What is the units digit of 1678?
8
What is the tens digit of 9819?
1
What is the hundreds digit of 42088?
0
What is the hundred thousands digit of 164693?
1
What is the units digit of 5899?
9
What is the units digit of 1534?
4
What is the units digit of 24197?
7
What is the tens digit of 8816?
1
What is the ten thousands digit of 33533?
3
What is the tens digit of 130738?
3
What is the tens digit of 589?
8
What is the thousands digit of 4676?
4
What is the ten thousands digit of 71849?
7
What is the units digit of 1264?
4
What is the units digit of 3856?
6
What is the hundreds digit of 91873?
8
What is the hundreds digit of 408?
4
What is the units digit of 847?
7
What is the tens digit of 125191?
9
What is the units digit of 3404?
4
What is the units digit of 86780?
0
What is the units digit of 83386?
6
What is the thousands digit of 17386?
7
What is the ten thousands digit of 46012?
4
What is the thousands digit of 13665?
3
What is the thousands digit of 7256?
7
What is the tens digit of 6388?
8
What is the units digit of 17454?
4
What is the units digit of 71?
1
What is the units digit of 3032?
2
What is the thousands digit of 2181?
2
What is the thousands digit of 2001?
2
What is the tens digit of 2161?
6
What is the ten thousands digit of 86255?
8
What is the thousands digit of 16353?
6
What is the thousands digit of 2569?
2
What is the hundreds digit of 6827?
8
What is the units digit of 1770?
0
What is the units digit of 1554?
4
What is the tens digit of 3965?
6
What is the hundreds digit of 40403?
4
What is the tens digit of 14540?
4
What is the tens digit of 10731?
3
What is the tens digit of 922?
2
What is the tens digit of 2105?
0
What is the units digit of 7809?
9
What is the thousands digit of 2521?
2
What is the units digit of 2092?
2
What is the tens digit of 7834?
3
What is the tens digit of 5302?
0
What is the tens digit of 3095?
9
What is the ten thousands digit of 49403?
4
What is the hundreds digit of 625?
6
What is the units digit of 530?
0
What is the units digit of 2635?
5
What is the hundreds digit of 402?
4
What is the tens digit of 6961?
6
What is the units digit of 707?
7
What is the tens digit of 445?
4
What is the units digit of 5592?
2
What is the hundreds digit of 9356?
3
What is the units digit of 1041?
1
What is the units digit of 1454?
4
What is the thousands digit of 1128?
1
What is the tens digit of 1838?
3
What is the hundreds digit of 5360?
3
What is the units digit of 1143?
3
What is the tens digit of 159728?
2
What is the hundreds digit of 12765?
7
What is the units digit of 15053?
3
What is the hundreds digit of 4845?
8
What is the hundreds digit of 1939?
9
What is the thousands digit of 30936?
0
What is the tens digit of 2062?
6
What is the units digit of 1130?
0
What is the units digit of 27566?
6
What is the hundreds digit of 801?
8
What is the hundreds digit of 1758?
7
What is the units digit of 14?
4
What is the thousands digit of 5128?
5
What is the tens digit of 423?
2
What is the hundreds digit of 58315?
3
What is the thousands digit of 2586?
2
What is the thousands dig